r) = -r**3 - 19*r**2 - 38*r - 65. Give n(-17).
3
Let v(g) = -2*g + 16. Give v(4).
8
Let b(x) = -x**2 - 8*x - 2. Calculate b(-7).
5
Let f(k) = 7*k**2 - 8*k - 13. What is f(-2)?
31
Let z(q) = -23*q + 41. Determine z(-3).
110
Let o(i) = i**3 + 17*i**2 - 19*i - 29. What is o(-18)?
-11
Let s(u) = -u**3 + 25*u**2 + 25*u + 21. Determine s(26).
-5
Let t(l) = l**2 + 23*l - 28. Determine t(-21).
-70
Let x(z) = 3*z**2 - 6*z + 4. Give x(5).
49
Let z(m) = 2*m - 25. Calculate z(14).
3
Let n(q) = -5*q + 111. Give n(23).
-4
Let n(g) = -g**3 + 5*g**2 + 4*g - 1. What is n(4)?
31
Let h(x) = -x**3 - 2*x**2 + 5*x + 4. Determine h(-3).
-2
Let m(q) = q**3 + 4*q**2 - 13. Determine m(-7).
-160
Let d(m) = m**2 + 14*m + 23. Give d(-12).
-1
Let p(y) = -y**2 - 21*y - 28. Calculate p(-19).
10
Let h(p) = -p - 8. Give h(-3).
-5
Let u(d) = d**2 - 6*d + 19. Calculate u(11).
74
Let q(c) = c**3 + 12*c**2 + 10*c - 27. Give q(-11).
-16
Let w(i) = i**2 + 10*i - 17. Give w(-7).
-38
Let j(w) = 3*w + 23. What is j(-10)?
-7
Let c(k) = -k**3 + 38*k**2 - 40*k + 118. Calculate c(37).
7
Let y(k) = -19*k + 915. Determine y(48).
3
Let s(l) = 11*l**3 + l**2 - 1. Calculate s(-1).
-11
Let g(y) = -y**3 + y**2 - 4. Determine g(-2).
8
Let b(h) = 2*h**2 + 3*h + 1. Determine b(-1).
0
Let n(f) = f**2 - 22*f - 20. Determine n(23).
3
Let w(i) = i**3 - 6*i**2 + 9*i - 4. Give w(4).
0
Let y(f) = 2*f - 10. What is y(2)?
-6
Let p(h) = -h**2 + 13*h - 7. Give p(13).
-7
Let g(f) = -9*f + 43. Determine g(5).
-2
Let t(u) = u**3 + 7*u**2 - 2*u - 15. What is t(-7)?
-1
Let d(r) = -7*r - 228. Calculate d(-34).
10
Let h(v) = v - 36. What is h(39)?
3
Let r(y) = 2*y**2 + 2*y + 2. Give r(-3).
14
Let s(g) = g**3 - 13*g**2 - 48*g - 4. What is s(16)?
-4
Let v(x) = 3*x - 11. Give v(10).
19
Let w(d) = 2*d**2 - 23*d + 8. Calculate w(11).
-3
Let s(z) = 3*z**2 + 16*z - 5. Calculate s(-6).
7
Let f(w) = 5*w**2 + 107*w + 45. What is f(-21)?
3
Let t(v) = -13*v - 41. Calculate t(-4).
11
Let m(y) = -17*y - 1. What is m(0)?
-1
Let v(x) = 2*x**2 + 74*x - 70. Determine v(-38).
6
Let q(c) = -2*c**2 - 34*c + 5. Determine q(-18).
-31
Let q(b) = -b**2 + 8*b - 12. Determine q(6).
0
Let f(r) = r - 3. Give f(-8).
-11
Let z(j) = j**2 - 11*j + 33. Give z(4).
5
Let x(y) = -6*y + 96. Determine x(16).
0
Let p(z) = z**3 - 35*z**2 + 32*z + 73. Calculate p(34).
5
Let n(c) = c**2 + 10*c. What is n(-8)?
-16
Let r(f) = f**2 - 10*f + 8. Give r(10).
8
Let s(h) = -h**3 + 2*h**2 + 8*h + 3. What is s(4)?
3
Let x(a) = a**2 - 20*a + 25. Determine x(19).
6
Let c(x) = x**3 + 13*x**2 + 15*x + 25. Give c(-12).
-11
Let i(n) = -2*n**2 - 2*n + 4. Give i(-3).
-8
Let w(g) = -g**3 + 8*g**2 - 10*g + 7. Determine w(7).
-14
Let y(z) = 9*z - 35. Calculate y(5).
10
Let p(g) = -g**3 - g**2 - 6*g - 3. Calculate p(-5).
127
Let n(c) = -c**3 + 7*c**2 + c + 7. Give n(8).
-49
Let i(r) = 2*r**2 + 5*r + 4. Determine i(-3).
7
Let u(s) = s**3 - 11*s**2 - 14*s - 25. Calculate u(13).
131
Let g(u) = -u**3 - u**2 - u - 2. Calculate g(-2).
4
Let j(b) = -10*b + 8. Determine j(2).
-12
Let o(z) = -z**3 - 15*z**2 + 36*z + 16. Determine o(-17).
-18
Let f(c) = -c**2 - 16*c - 7. What is f(-17)?
-24
Let b(z) = 2*z - 5. Calculate b(-4).
-13
Let s(w) = -5*w**2 - 4*w + 8. What is s(-4)?
-56
Let i(w) = -w**2 - 7*w + 22. Calculate i(-10).
-8
Let j(g) = -3*g**3 - 53*g**2 + 20*g + 26. Calculate j(-18).
-10
Let p(l) = 3*l**2 + 14*l - 6. Calculate p(-5).
-1
Let y(d) = d**2 - 13*d - 8. Calculate y(10).
-38
Let h(j) = -2*j**2 + 37*j - 22. What is h(18)?
-4
Let g(i) = i**3 + 3*i**2 - 6*i + 12. What is g(-5)?
-8
Let d(k) = -5*k + 45. What is d(19)?
-50
Let f(y) = 2*y**2 - 2*y - 1. Determine f(2).
3
Let p(n) = -8*n**2 + 1. Give p(1).
-7
Let h(z) = -2*z**3 + 22*z**2 + 9*z + 12. Give h(11).
111
Let j(c) = -2*c + 109. Determine j(0).
109
Let l(q) = 2*q**2 - 14*q + 9. Calculate l(7).
9
Let x(h) = 3*h**2 - 124*h + 169. What is x(40)?
9
Let o(p) = p**3 - 16*p**2 + 5*p - 68. Give o(16).
12
Let s(d) = -d**3 - 22*d**2 - 25*d - 36. Calculate s(-21).
48
Let i(r) = -r**2 + 4*r + 5. Give i(6).
-7
Let t(n) = n**3 + 5*n**2 - 24*n - 27. Determine t(-8).
-27
Let z(m) = -7*m - 59. Determine z(24).
-227
Let x(f) = f**2 + 41*f + 175. What is x(-36)?
-5
Let m(i) = -37*i - 54. What is m(-2)?
20
Let g(m) = -m**2 - 10*m - 31. Give g(-3).
-10
Let z(o) = o - 2. Calculate z(-5).
-7
Let j(o) = -o**2 + 8*o + 5. Give j(6).
17
Let r(x) = -x**2 + 6*x - 7. What is r(6)?
-7
Let t(h) = 2*h - 13. Give t(13).
13
Let d(y) = -y**2 - 8*y + 14. Give d(-10).
-6
Let i(b) = b**3 + 6*b**2 + 6*b + 2. What is i(-5)?
-3
Let p(y) = -5*y - 100. Calculate p(-21).
5
Let i(g) = 5*g + 20. What is i(-7)?
-15
Let x(z) = 3*z**2 - 26*z + 23. Determine x(11).
100
Let g(k) = k**3 - 2*k + 61. Determine g(0).
61
Let l(m) = m**2 + 15*m + 25. Calculate l(-14).
11
Let x(y) = -16*y - 2. What is x(-3)?
46
Let j(k) = -2*k - 50. Calculate j(0).
-50
Let s(q) = 8*q - 137. Give s(15).
-17
Let v(m) = -3*m**2 + 4*m - 1. Give v(2).
-5
Let w(l) = -12*l + 709. Give w(59).
1
Let j(h) = h**2 - 2*h - 6. Give j(3).
-3
Let q(p) = -5*p**3 + 2*p**2 + 4*p - 10. What is q(3)?
-115
Let v(q) = -q**3 + q**2 + 74*q + 3. What is v(9)?
21
Let r(x) = -283*x + 1136. Calculate r(4).
4
Let w(z) = 2*z**2 - 47*z - 18. Calculate w(24).
6
Let r(w) = -w**2 - w - 7. What is r(0)?
-7
Let f(v) = -v**2 + 9*v - 1. What is f(8)?
7
Let b(m) = -4*m**2 - 4. Calculate b(2).
-20
Let d(j) = -4*j + 21. Calculate d(4).
5
Let i(a) = a**2 + 12*a + 17. What is i(-11)?
6
Let s(x) = -x**2 - 9*x - 2. Give s(-7).
12
Let n(l) = 42*l + 47. Give n(-1).
5
Let q(x) = x**3 - 9*x**2 - 2*x + 16. Give q(9).
-2
Let d(a) = a - 12. Calculate d(8).
-4
Let s(n) = 22*n**2 + 9*n + 3. What is s(-1)?
16
Let i(w) = w**3 + 22*w**2 + 2*w + 52. Determine i(-22).
8
Let j(m) = m**2 + 3*m - 70. What is j(-10)?
0
Let j(b) = -106*b + 2646. Give j(25).
-4
Let x(k) = -3*k**3 + 2*k**2 + k - 3. Give x(-2).
27
Let g(d) = -30*d**2 - 9*d + 4. What is g(1)?
-35
Let v(j) = 8*j + 1. Calculate v(-13).
-103
Let m(z) = -2*z + 10. Give m(6).
-2
Let b(p) = p - 33. What is b(17)?
-16
Let x(a) = -a**3 + 24*a**2 - 132*a - 14. Give x(9).
13
Let x(t) = 6*t. Give x(-6).
-36
Let c(o) = o**2 + 7*o - 82. What is c(6)?
-4
Let c(v) = -v**3 + 12*v**2 - 11*v - 4. What is c(11)?
-4
Let b(p) = p - 8. Determine b(7).
-1
Let k(r) = -r**3 + r**2 - r + 13. Give k(0).
13
Let g(q) = 2*q + 49. What is g(-22)?
5
Let w(t) = -2*t**3 + 3*t**2 - 1. Calculate w(1).
0
Let m(o) = o**3 + 23*o**2 - 48*o + 62. Determine m(-25).
12
Let d(t) = -4*t - 13. Calculate d(-3).
-1
Let q(c) = c**2 - 9. Calculate q(7).
40
Let c(p) = 2*p + 5. Calculate c(-9).
-13
Let i(h) = -h**3 - 2*h**2 + 2*h + 35. Give i(0).
35
Let p(m) = -m**3 + 33*m**2 + m - 33. Determine p(33).
0
Let v(z) = z**2 + 8*z + 12. Give v(-5).
-3
Let b(o) = -o**2 + 6*o - 3. What is b(5)?
2
Let u(r) = -r**2 - 8*r + 91. Give u(6).
7
Let q(u) = 9*u + 42. Calculate q(-2).
24
Let h(r) = 7*r + 1. Calculate h(-2).
-13
Let r(w) = -w**2 + 12*w. Calculate r(12).
0
Let u(j) = -3*j - 37. Give u(-12).
-1
Let f(l) = 3*l - 6. Give f(5).
9
Let a(i) = 76*i**2 - 5*i + 2. Give a(1).
73
Let d(o) = -16*o**3 + o**2 + o - 1. What is d(1)?
-15
Let q(z) = 11*z + 324. What is q(-29)?
5
Let t(y) = -y**3 - 4*y**2 - 2*y - 1. Determine t(-7).
160
Let r(q) = q**3 - 8*q**2 - 19*q + 6. Calculate r(10).
16
Let u(g) = g**3 - 13*g**2 - 13*g - 11. Give u(14).
3
Let o(h) = 3*h**2 - 6*h + 2. Give o(4).
26
Let o(a) = a**3 - 31*a**2 + 58*a + 2. Give o(29).
2
Let z(m) = m**2 - 12. Determine z(-4).
4
Let s(x) = 181*x**2 - 2*x - 3. Calculate s(-1).
180
Let n(y) = -y**2 + 19*y - 15. Give n(17).
19
Let p(k) = -k + 17. Give p(26).
-9
Let d(z) = -z**2 + 17*z + 8. Calculate d(15).
38
Let x(w) = -3*w**3 - 15*w**2 + w - 1. Give x(-3).
-58
Let u(q) = q - 1. What is u(2)?
1
Let r(d) = 3*d - 7. What is r(3)?
2
Let t(x) = 6*x - 1. What is t(2)?
11
Let w(r) = r**3 - 11*r**2 + r - 16. Calculate w(11).
-5
Let s(r) = -6*r**2 - 10*r - 2. What is s(-1)?
2
Let m(d) = d**3 - d**2 + 2*d. Determine m(3).
24
Let y(r) = -6*r**3 - r**2 + 2*r - 1. Give y(1).
-6
Let u(l) = l**2 - 17. Determine u(0).
-17
Let m(a) = -a**2 - 7*a - 5. What is m(-4)?
7
Let y(h) = -2*h - 2. Give y(-3).
4
Let r(q) = -6*q + 5. Determine r(-6).
41
Let s(m) = m**3 - 16*m**2 + 38*m + 23. Give s(13).
10
Let t(f) = -f**2 - 23*f - 50. Determine t(